{"version":"1.0","provider_name":"Spain Investors Day","provider_url":"https:\/\/www.spaininvestorsday.com\/en\/","author_name":"mmartin","author_url":"https:\/\/www.spaininvestorsday.com\/en\/author\/mmartin\/","title":"Juan Pablo Garc\u00eda-Lliber\u00f3s de Porres - Spain Investors Day","type":"rich","width":600,"height":338,"html":"<blockquote class=\"wp-embedded-content\" data-secret=\"hinDENMaUU\"><a href=\"https:\/\/www.spaininvestorsday.com\/en\/editions\/speakers\/juan-pablo-garcia-lliberos-de-porres\/\">Juan Pablo Garc\u00eda-Lliber\u00f3s de Porres<\/a><\/blockquote><iframe sandbox=\"allow-scripts\" security=\"restricted\" src=\"https:\/\/www.spaininvestorsday.com\/en\/editions\/speakers\/juan-pablo-garcia-lliberos-de-porres\/embed\/#?secret=hinDENMaUU\" width=\"600\" height=\"338\" title=\"&#8220;Juan Pablo Garc\u00eda-Lliber\u00f3s de Porres&#8221; &#8212; Spain Investors Day\" data-secret=\"hinDENMaUU\" frameborder=\"0\" marginwidth=\"0\" marginheight=\"0\" scrolling=\"no\" class=\"wp-embedded-content\"><\/iframe><script>\n\/*! This file is auto-generated *\/\n!function(d,l){\"use strict\";l.querySelector&&d.addEventListener&&\"undefined\"!=typeof URL&&(d.wp=d.wp||{},d.wp.receiveEmbedMessage||(d.wp.receiveEmbedMessage=function(e){var t=e.data;if((t||t.secret||t.message||t.value)&&!\/[^a-zA-Z0-9]\/.test(t.secret)){for(var s,r,n,a=l.querySelectorAll('iframe[data-secret=\"'+t.secret+'\"]'),o=l.querySelectorAll('blockquote[data-secret=\"'+t.secret+'\"]'),c=new RegExp(\"^https?:$\",\"i\"),i=0;i<o.length;i++)o[i].style.display=\"none\";for(i=0;i<a.length;i++)s=a[i],e.source===s.contentWindow&&(s.removeAttribute(\"style\"),\"height\"===t.message?(1e3<(r=parseInt(t.value,10))?r=1e3:~~r<200&&(r=200),s.height=r):\"link\"===t.message&&(r=new URL(s.getAttribute(\"src\")),n=new URL(t.value),c.test(n.protocol))&&n.host===r.host&&l.activeElement===s&&(d.top.location.href=t.value))}},d.addEventListener(\"message\",d.wp.receiveEmbedMessage,!1),l.addEventListener(\"DOMContentLoaded\",function(){for(var e,t,s=l.querySelectorAll(\"iframe.wp-embedded-content\"),r=0;r<s.length;r++)(t=(e=s[r]).getAttribute(\"data-secret\"))||(t=Math.random().toString(36).substring(2,12),e.src+=\"#?secret=\"+t,e.setAttribute(\"data-secret\",t)),e.contentWindow.postMessage({message:\"ready\",secret:t},\"*\")},!1)))}(window,document);\n\/\/# sourceURL=https:\/\/www.spaininvestorsday.com\/wp-includes\/js\/wp-embed.min.js\n<\/script>\n","description":"D. Juan Pablo Garc\u00eda-Lliber\u00f3s Chief Commercial Officer (CCO) \u2014 Aon Espa\u00f1a&nbsp; Juan Pablo Garc\u00eda-Lliber\u00f3s is an executive with extensive experience in the insurance and risk consulting sector, specializing in commercial strategy, business development, and key account management. He is currently Chief Commercial Officer (CCO) of Aon Spain, a position he has held since 2021, leading&hellip; Continue reading Untitled","thumbnail_url":"https:\/\/www.spaininvestorsday.com\/wp-content\/uploads\/elementor\/thumbs\/1695820624103-rhcrh8wrsfzse9hz5oxc3mbu39fgh3cyn9v2vm7mkg.jpg"}

Juan Pablo García-Lliberós de Porres - Spain Investors Day

<blockquote class="wp-embedded-content" data-secret="hinDENMaUU"><a href="https://www.spaininvestorsday.com/en/editions/speakers/juan-pablo-garcia-lliberos-de-porres/">Juan Pablo García-Lliberós de Porres</a></blockquote><iframe sandbox="allow-scripts" security="restricted" src="https://www.spaininvestorsday.com/en/editions/speakers/juan-pablo-garcia-lliberos-de-porres/embed/#?secret=hinDENMaUU" width="600" height="338" title="&#8220;Juan Pablo García-Lliberós de Porres&#8221; &#8212; Spain Investors Day" data-secret="hinDENMaUU" frameborder="0" marginwidth="0" marginheight="0" scrolling="no" class="wp-embedded-content"></iframe><script>
/*! This file is auto-generated */
!function(d,l){"use strict";l.querySelector&&d.addEventListener&&"undefined"!=typeof URL&&(d.wp=d.wp||{},d.wp.receiveEmbedMessage||(d.wp.receiveEmbedMessage=function(e){var t=e.data;if((t||t.secret||t.message||t.value)&&!/[^a-zA-Z0-9]/.test(t.secret)){for(var s,r,n,a=l.querySelectorAll('iframe[data-secret="'+t.secret+'"]'),o=l.querySelectorAll('blockquote[data-secret="'+t.secret+'"]'),c=new RegExp("^https?:$","i"),i=0;i<o.length;i++)o[i].style.display="none";for(i=0;i<a.length;i++)s=a[i],e.source===s.contentWindow&&(s.removeAttribute("style"),"height"===t.message?(1e3<(r=parseInt(t.value,10))?r=1e3:~~r<200&&(r=200),s.height=r):"link"===t.message&&(r=new URL(s.getAttribute("src")),n=new URL(t.value),c.test(n.protocol))&&n.host===r.host&&l.activeElement===s&&(d.top.location.href=t.value))}},d.addEventListener("message",d.wp.receiveEmbedMessage,!1),l.addEventListener("DOMContentLoaded",function(){for(var e,t,s=l.querySelectorAll("iframe.wp-embedded-content"),r=0;r<s.length;r++)(t=(e=s[r]).getAttribute("data-secret"))||(t=Math.random().toString(36).substring(2,12),e.src+="#?secret="+t,e.setAttribute("data-secret",t)),e.contentWindow.postMessage({message:"ready",secret:t},"*")},!1)))}(window,document);
//# sourceURL=https://www.spaininvestorsday.com/wp-includes/js/wp-embed.min.js
</script>

D. Juan Pablo García-Lliberós Chief Commercial Officer (CCO) — Aon España&nbsp; Juan Pablo García-Lliberós is an executive with extensive experience in the insurance and risk consulting sector, specializing in commercial strategy, business development, and key account management. He is currently Chief Commercial Officer (CCO) of Aon Spain, a position he has held since 2021, leading&hellip; Continue reading Untitled
